{"id":7654,"date":"2019-12-31T03:33:20","date_gmt":"2019-12-31T03:33:20","guid":{"rendered":"https:\/\/childcancer.org\/?post_type=tribe_events&#038;p=7654"},"modified":"2019-12-31T03:33:20","modified_gmt":"2019-12-31T03:33:20","slug":"kcca-st-baldricks-event-uc-davis-comprehensive-cancer-center-2","status":"publish","type":"tribe_events","link":"https:\/\/childcancer.org\/es\/event\/kcca-st-baldricks-event-uc-davis-comprehensive-cancer-center-2\/","title":{"rendered":"KCCA - Evento de St. Baldrick - UC Davis Comprehensive Cancer Center"},"content":{"rendered":"<div class=\"wpb-content-wrapper\"><div class=\"vc_row wpb_row vc_row-fluid\"><div class=\"wpb_column vc_column_container vc_col-sm-12\"><div class=\"vc_column-inner\"><div class=\"wpb_wrapper\">\n\t<div class=\"wpb_text_column wpb_content_element\" >\n\t\t<div class=\"wpb_wrapper\">\n\t\t\t<h2 style=\"text-align: center;\">Rock the Bald &#8211; and support children battling cancer at UC Davis Comprehensive Cancer Center, Friday, March 6th!<\/h2>\n<h3 style=\"text-align: center;\">Keaton\u2019s Child Cancer Alliance in partnership with St. Baldrick&#8217;s Foundation are raising funds, locally and nationally, for childhood cancer research.In solidarity with children battling cancer heads are shaved in front of thousands in return for pledges and contributions toward the cause.<\/h3>\n<h3 style=\"text-align: center;\">Our amazing barbers from Supercuts will be shaving heads all to raise awareness and funds, because kids can&#8217;t fight cancer alone!<\/h3>\n<h3 style=\"text-align: center;\">\u00a1Reclute a su familia, amigos, vecinos, compa\u00f1eros de trabajo y m\u00e1s e inscr\u00edbase hoy!<\/h3>\n<h3 style=\"text-align: center;\">\u27a1\ufe0f\u00a0 <a href=\"https:\/\/www.stbaldricks.org\/campaigns\/krm#allEvents\" target=\"_blank\" rel=\"noopener noreferrer\">www.getbald.com<\/a><\/h3>\n\n\t\t<\/div>\n\t<\/div>\n<\/div><\/div><\/div><\/div><div class=\"vc_row wpb_row vc_row-fluid\"><div class=\"wpb_column vc_column_container vc_col-sm-4\"><div class=\"vc_column-inner\"><div class=\"wpb_wrapper\"><\/div><\/div><\/div><div class=\"wpb_column vc_column_container vc_col-sm-4\"><div class=\"vc_column-inner\"><div class=\"wpb_wrapper\"><div class=\"vc_btn3-container vc_btn3-center vc_do_btn\" ><a class=\"vc_general vc_btn3 vc_btn3-size-lg vc_btn3-shape-rounded vc_btn3-style-modern vc_btn3-block vc_btn3-color-primary\" href=\"https:\/\/www.stbaldricks.org\/events\/mypage\/13569\/2020\" title=\"getbald.com\" target=\"_blank\">Click Here to Register<\/a><\/div><\/div><\/div><\/div><div class=\"wpb_column vc_column_container vc_col-sm-4\"><div class=\"vc_column-inner\"><div class=\"wpb_wrapper\"><\/div><\/div><\/div><\/div>\n<\/div>","protected":false},"excerpt":{"rendered":"Rock the Bald - and support children battling cancer at UC Davis Comprehensive Cancer Center, Friday, March 6th! Keaton\u2019s Child Cancer Alliance in partnership with St. Baldrick's Foundation are raising [...]","protected":false},"author":5,"featured_media":7655,"template":"","meta":{"_acf_changed":false,"give_campaign_id":0,"_tribe_events_status":"","_tribe_events_status_reason":"","footnotes":""},"tags":[],"tribe_events_cat":[],"class_list":["post-7654","tribe_events","type-tribe_events","status-publish","has-post-thumbnail","hentry"],"acf":[],"_links":{"self":[{"href":"https:\/\/childcancer.org\/es\/wp-json\/wp\/v2\/tribe_events\/7654","targetHints":{"allow":["GET"]}}],"collection":[{"href":"https:\/\/childcancer.org\/es\/wp-json\/wp\/v2\/tribe_events"}],"about":[{"href":"https:\/\/childcancer.org\/es\/wp-json\/wp\/v2\/types\/tribe_events"}],"author":[{"embeddable":true,"href":"https:\/\/childcancer.org\/es\/wp-json\/wp\/v2\/users\/5"}],"version-history":[{"count":0,"href":"https:\/\/childcancer.org\/es\/wp-json\/wp\/v2\/tribe_events\/7654\/revisions"}],"wp:featuredmedia":[{"embeddable":true,"href":"https:\/\/childcancer.org\/es\/wp-json\/wp\/v2\/media\/7655"}],"wp:attachment":[{"href":"https:\/\/childcancer.org\/es\/wp-json\/wp\/v2\/media?parent=7654"}],"wp:term":[{"taxonomy":"post_tag","embeddable":true,"href":"https:\/\/childcancer.org\/es\/wp-json\/wp\/v2\/tags?post=7654"},{"taxonomy":"tribe_events_cat","embeddable":true,"href":"https:\/\/childcancer.org\/es\/wp-json\/wp\/v2\/tribe_events_cat?post=7654"}],"curies":[{"name":"palabra clave","href":"https:\/\/api.w.org\/{rel}","templated":true}]}}

<div class="wpb-content-wrapper"><div class="vc_row wpb_row vc_row-fluid"><div class="wpb_column vc_column_container vc_col-sm-12"><div class="vc_column-inner"><div class="wpb_wrapper">
	<div class="wpb_text_column wpb_content_element" >
		<div class="wpb_wrapper">
			<h2 style="text-align: center;">Rock the Bald &#8211; and support children battling cancer at UC Davis Comprehensive Cancer Center, Friday, March 6th!</h2>
<h3 style="text-align: center;">Keaton’s Child Cancer Alliance in partnership with St. Baldrick&#8217;s Foundation are raising funds, locally and nationally, for childhood cancer research.In solidarity with children battling cancer heads are shaved in front of thousands in return for pledges and contributions toward the cause.</h3>
<h3 style="text-align: center;">Our amazing barbers from Supercuts will be shaving heads all to raise awareness and funds, because kids can&#8217;t fight cancer alone!</h3>
<h3 style="text-align: center;">¡Reclute a su familia, amigos, vecinos, compañeros de trabajo y más e inscríbase hoy!</h3>
<h3 style="text-align: center;">➡️  <a href="https://www.stbaldricks.org/campaigns/krm#allEvents" target="_blank" rel="noopener noreferrer">www.getbald.com</a></h3>

		</div>
	</div>
</div></div></div></div><div class="vc_row wpb_row vc_row-fluid"><div class="wpb_column vc_column_container vc_col-sm-4"><div class="vc_column-inner"><div class="wpb_wrapper"></div></div></div><div class="wpb_column vc_column_container vc_col-sm-4"><div class="vc_column-inner"><div class="wpb_wrapper"><div class="vc_btn3-container vc_btn3-center vc_do_btn" ><a class="vc_general vc_btn3 vc_btn3-size-lg vc_btn3-shape-rounded vc_btn3-style-modern vc_btn3-block vc_btn3-color-primary" href="https://www.stbaldricks.org/events/mypage/13569/2020" title="getbald.com" target="_blank">Click Here to Register</a></div></div></div></div><div class="wpb_column vc_column_container vc_col-sm-4"><div class="vc_column-inner"><div class="wpb_wrapper"></div></div></div></div>
</div>
