{"id":7651,"date":"2019-12-31T02:55:52","date_gmt":"2019-12-31T02:55:52","guid":{"rendered":"https:\/\/childcancer.org\/?post_type=tribe_events&#038;p=7651"},"modified":"2020-01-09T18:58:10","modified_gmt":"2020-01-09T18:58:10","slug":"kcca-st-baldricks-event-westfield-galleria-3","status":"publish","type":"tribe_events","link":"https:\/\/childcancer.org\/es\/event\/kcca-st-baldricks-event-westfield-galleria-3\/","title":{"rendered":"KCCA - Evento de St. Baldrick - Westfield Galleria"},"content":{"rendered":"<div class=\"wpb-content-wrapper\"><div class=\"vc_row wpb_row vc_row-fluid\"><div class=\"wpb_column vc_column_container vc_col-sm-12\"><div class=\"vc_column-inner\"><div class=\"wpb_wrapper\">\n\t<div class=\"wpb_text_column wpb_content_element\" >\n\t\t<div class=\"wpb_wrapper\">\n\t\t\t<h2 style=\"text-align: center;\">\u00danase a la Alianza contra el C\u00e1ncer Infantil de Keaton en Westfield Galleria en Roseville,<\/h2>\n<h2 style=\"text-align: center;\">s\u00e1bado, 29 de febrero de 2020, de 12 a 16 hs.<\/h2>\n<h2 style=\"text-align: center;\">\u00a1\u00danase a Fight ~ y apoye a los ni\u00f1os que luchan contra el c\u00e1ncer!<\/h2>\n<h3 style=\"text-align: center;\">Los eventos de afeitado de cabeza de la Fundaci\u00f3n St. Baldrick recaudan fondos, a nivel local y nacional, para la investigaci\u00f3n del c\u00e1ncer infantil. En solidaridad con los ni\u00f1os que luchan contra el c\u00e1ncer, las cabezas se afeitan frente a miles a cambio de promesas y contribuciones a la causa.<\/h3>\n<h3 style=\"text-align: center;\">\u00a1Reclute a su familia, amigos, vecinos, compa\u00f1eros de trabajo y m\u00e1s e inscr\u00edbase hoy!<\/h3>\n<h3 style=\"text-align: center;\">\u27a1\ufe0f <a href=\"https:\/\/www.stbaldricks.org\/events\/mypage\/43\/2019\" target=\"_blank\" rel=\"nofollow noopener noreferrer\" data-lynx-mode=\"hover\">www.getbald.com.<\/a><\/h3>\n\n\t\t<\/div>\n\t<\/div>\n<\/div><\/div><\/div><\/div><div class=\"vc_row wpb_row vc_row-fluid\"><div class=\"wpb_column vc_column_container vc_col-sm-3\"><div class=\"vc_column-inner\"><div class=\"wpb_wrapper\"><\/div><\/div><\/div><div class=\"wpb_column vc_column_container vc_col-sm-3\"><div class=\"vc_column-inner\"><div class=\"wpb_wrapper\"><div class=\"vc_btn3-container vc_btn3-center vc_do_btn\" ><a class=\"vc_general vc_btn3 vc_btn3-size-lg vc_btn3-shape-rounded vc_btn3-style-modern vc_btn3-block vc_btn3-color-primary\" href=\"https:\/\/www.stbaldricks.org\/events\/mypage\/43\/2020\" title=\"getbald.com\" target=\"_blank\">Registrarse aqu\u00ed<\/a><\/div><\/div><\/div><\/div><div class=\"wpb_column vc_column_container vc_col-sm-3\"><div class=\"vc_column-inner\"><div class=\"wpb_wrapper\"><div class=\"vc_btn3-container vc_btn3-center vc_do_btn\" ><a class=\"vc_general vc_btn3 vc_btn3-size-lg vc_btn3-shape-rounded vc_btn3-style-modern vc_btn3-block vc_btn3-color-primary\" href=\"https:\/\/signup.com\/go\/faeZiyE\" title=\"\" target=\"_blank\">Voluntario<\/a><\/div><\/div><\/div><\/div><div class=\"wpb_column vc_column_container vc_col-sm-3\"><div class=\"vc_column-inner\"><div class=\"wpb_wrapper\"><\/div><\/div><\/div><\/div>\n<\/div>","protected":false},"excerpt":{"rendered":"Join Keaton\u2019s Child Cancer Alliance at the Westfield Galleria at Roseville, Saturday, Feburary 29, 2020, 12 - 4 pm to Join the Fight ~ and support children battling cancer! St. [...]","protected":false},"author":5,"featured_media":7649,"template":"","meta":{"_acf_changed":false,"give_campaign_id":0,"_tribe_events_status":"","_tribe_events_status_reason":"","footnotes":""},"tags":[],"tribe_events_cat":[],"class_list":["post-7651","tribe_events","type-tribe_events","status-publish","has-post-thumbnail","hentry"],"acf":[],"_links":{"self":[{"href":"https:\/\/childcancer.org\/es\/wp-json\/wp\/v2\/tribe_events\/7651","targetHints":{"allow":["GET"]}}],"collection":[{"href":"https:\/\/childcancer.org\/es\/wp-json\/wp\/v2\/tribe_events"}],"about":[{"href":"https:\/\/childcancer.org\/es\/wp-json\/wp\/v2\/types\/tribe_events"}],"author":[{"embeddable":true,"href":"https:\/\/childcancer.org\/es\/wp-json\/wp\/v2\/users\/5"}],"version-history":[{"count":0,"href":"https:\/\/childcancer.org\/es\/wp-json\/wp\/v2\/tribe_events\/7651\/revisions"}],"wp:featuredmedia":[{"embeddable":true,"href":"https:\/\/childcancer.org\/es\/wp-json\/wp\/v2\/media\/7649"}],"wp:attachment":[{"href":"https:\/\/childcancer.org\/es\/wp-json\/wp\/v2\/media?parent=7651"}],"wp:term":[{"taxonomy":"post_tag","embeddable":true,"href":"https:\/\/childcancer.org\/es\/wp-json\/wp\/v2\/tags?post=7651"},{"taxonomy":"tribe_events_cat","embeddable":true,"href":"https:\/\/childcancer.org\/es\/wp-json\/wp\/v2\/tribe_events_cat?post=7651"}],"curies":[{"name":"palabra clave","href":"https:\/\/api.w.org\/{rel}","templated":true}]}}

<div class="wpb-content-wrapper"><div class="vc_row wpb_row vc_row-fluid"><div class="wpb_column vc_column_container vc_col-sm-12"><div class="vc_column-inner"><div class="wpb_wrapper">
	<div class="wpb_text_column wpb_content_element" >
		<div class="wpb_wrapper">
			<h2 style="text-align: center;">Únase a la Alianza contra el Cáncer Infantil de Keaton en Westfield Galleria en Roseville,</h2>
<h2 style="text-align: center;">sábado, 29 de febrero de 2020, de 12 a 16 hs.</h2>
<h2 style="text-align: center;">¡Únase a Fight ~ y apoye a los niños que luchan contra el cáncer!</h2>
<h3 style="text-align: center;">Los eventos de afeitado de cabeza de la Fundación St. Baldrick recaudan fondos, a nivel local y nacional, para la investigación del cáncer infantil. En solidaridad con los niños que luchan contra el cáncer, las cabezas se afeitan frente a miles a cambio de promesas y contribuciones a la causa.</h3>
<h3 style="text-align: center;">¡Reclute a su familia, amigos, vecinos, compañeros de trabajo y más e inscríbase hoy!</h3>
<h3 style="text-align: center;">➡️ <a href="https://www.stbaldricks.org/events/mypage/43/2019" target="_blank" rel="nofollow noopener noreferrer" data-lynx-mode="hover">www.getbald.com.</a></h3>

		</div>
	</div>
</div></div></div></div><div class="vc_row wpb_row vc_row-fluid"><div class="wpb_column vc_column_container vc_col-sm-3"><div class="vc_column-inner"><div class="wpb_wrapper"></div></div></div><div class="wpb_column vc_column_container vc_col-sm-3"><div class="vc_column-inner"><div class="wpb_wrapper"><div class="vc_btn3-container vc_btn3-center vc_do_btn" ><a class="vc_general vc_btn3 vc_btn3-size-lg vc_btn3-shape-rounded vc_btn3-style-modern vc_btn3-block vc_btn3-color-primary" href="https://www.stbaldricks.org/events/mypage/43/2020" title="getbald.com" target="_blank">Registrarse aquí</a></div></div></div></div><div class="wpb_column vc_column_container vc_col-sm-3"><div class="vc_column-inner"><div class="wpb_wrapper"><div class="vc_btn3-container vc_btn3-center vc_do_btn" ><a class="vc_general vc_btn3 vc_btn3-size-lg vc_btn3-shape-rounded vc_btn3-style-modern vc_btn3-block vc_btn3-color-primary" href="https://signup.com/go/faeZiyE" title="" target="_blank">Voluntario</a></div></div></div></div><div class="wpb_column vc_column_container vc_col-sm-3"><div class="vc_column-inner"><div class="wpb_wrapper"></div></div></div></div>
</div>
