{"id":6748,"date":"2019-02-01T03:16:45","date_gmt":"2019-02-01T03:16:45","guid":{"rendered":"https:\/\/childcancer.org\/?post_type=tribe_events&#038;p=6748"},"modified":"2019-02-19T22:32:15","modified_gmt":"2019-02-19T22:32:15","slug":"kcca-st-baldricks-event-ucsf-benioff-childrens-hospital-2","status":"publish","type":"tribe_events","link":"https:\/\/childcancer.org\/es\/event\/kcca-st-baldricks-event-ucsf-benioff-childrens-hospital-2\/","title":{"rendered":"KCCA &#8211; St. Baldrick&#8217;s Event &#8211; UCSF Benioff Children&#8217;s Hospital"},"content":{"rendered":"<div class=\"wpb-content-wrapper\"><div class=\"vc_row wpb_row vc_row-fluid\"><div class=\"wpb_column vc_column_container vc_col-sm-12\"><div class=\"vc_column-inner\"><div class=\"wpb_wrapper\">\n\t<div class=\"wpb_text_column wpb_content_element\" >\n\t\t<div class=\"wpb_wrapper\">\n\t\t\t<h2 style=\"text-align: center;\">Rock the Bald &#8211; and support children battling cancer at\u00a0UCSF Benioff Children&#8217;s Hospital Oakland, Saturday, March 16th!<\/h2>\n<h3 style=\"text-align: center;\">Keaton\u2019s Child Cancer Alliance in partnership with St. Baldrick&#8217;s Foundation are raising funds, locally and nationally, for childhood cancer research.In solidarity with children battling cancer heads are shaved in front of thousands in return for pledges and contributions toward the cause.<\/h3>\n<h3 style=\"text-align: center;\">\u00a1Reclute a su familia, amigos, vecinos, compa\u00f1eros de trabajo y m\u00e1s e inscr\u00edbase hoy!<\/h3>\n<h3 style=\"text-align: center;\">\u00a0\u27a1\ufe0f\u00a0\u00a0<a href=\"https:\/\/www.stbaldricks.org\/events\/oakland?fbclid=IwAR0XK2y8oBxa48EoMNP81Myva8Xyy-v04GY_wF_ilAt57RSNXKDrk6qgXIc\" target=\"_blank\" rel=\"nofollow noopener\" data-lynx-mode=\"hover\" data-lynx-uri=\"https:\/\/l.facebook.com\/l.php?u=https%3A%2F%2Fwww.stbaldricks.org%2Fevents%2Foakland%3Ffbclid%3DIwAR0XK2y8oBxa48EoMNP81Myva8Xyy-v04GY_wF_ilAt57RSNXKDrk6qgXIc&amp;h=AT38fFVsZkqUOtOYSu_t_dTGUOKNaoCsibh_wdLJOHn05jQC0o6y3HkpSeELbaXEVvSaRsUZ1NJZPX-OYJI3c8s--kcladqaJndi740pRBMpVsm0w3usVZUfuEXkT_ie7s3VmC6OZQCsy2LmqaGmZCs\">getbald.com<\/a><\/h3>\n\n\t\t<\/div>\n\t<\/div>\n<\/div><\/div><\/div><\/div><div class=\"vc_row wpb_row vc_row-fluid\"><div class=\"wpb_column vc_column_container vc_col-sm-4\"><div class=\"vc_column-inner\"><div class=\"wpb_wrapper\"><\/div><\/div><\/div><div class=\"wpb_column vc_column_container vc_col-sm-4\"><div class=\"vc_column-inner\"><div class=\"wpb_wrapper\"><div class=\"vc_btn3-container vc_btn3-center vc_do_btn\" ><a class=\"vc_general vc_btn3 vc_btn3-size-lg vc_btn3-shape-rounded vc_btn3-style-modern vc_btn3-color-primary\" href=\"https:\/\/www.stbaldricks.org\/events\/oakland\" title=\"getbald.com\" target=\"_blank\">Click Here to Register<\/a><\/div><\/div><\/div><\/div><div class=\"wpb_column vc_column_container vc_col-sm-4\"><div class=\"vc_column-inner\"><div class=\"wpb_wrapper\"><\/div><\/div><\/div><\/div>\n<\/div>","protected":false},"excerpt":{"rendered":"Rock the Bald - and support children battling cancer at\u00a0UCSF Benioff Children's Hospital Oakland, Saturday, March 16th! Keaton\u2019s Child Cancer Alliance in partnership with St. Baldrick's Foundation are raising funds, [...]","protected":false},"author":5,"featured_media":6774,"template":"","meta":{"_acf_changed":false,"give_campaign_id":0,"_tribe_events_status":"","_tribe_events_status_reason":"","footnotes":""},"tags":[],"tribe_events_cat":[],"class_list":["post-6748","tribe_events","type-tribe_events","status-publish","has-post-thumbnail","hentry"],"acf":[],"_links":{"self":[{"href":"https:\/\/childcancer.org\/es\/wp-json\/wp\/v2\/tribe_events\/6748","targetHints":{"allow":["GET"]}}],"collection":[{"href":"https:\/\/childcancer.org\/es\/wp-json\/wp\/v2\/tribe_events"}],"about":[{"href":"https:\/\/childcancer.org\/es\/wp-json\/wp\/v2\/types\/tribe_events"}],"author":[{"embeddable":true,"href":"https:\/\/childcancer.org\/es\/wp-json\/wp\/v2\/users\/5"}],"version-history":[{"count":0,"href":"https:\/\/childcancer.org\/es\/wp-json\/wp\/v2\/tribe_events\/6748\/revisions"}],"wp:featuredmedia":[{"embeddable":true,"href":"https:\/\/childcancer.org\/es\/wp-json\/wp\/v2\/media\/6774"}],"wp:attachment":[{"href":"https:\/\/childcancer.org\/es\/wp-json\/wp\/v2\/media?parent=6748"}],"wp:term":[{"taxonomy":"post_tag","embeddable":true,"href":"https:\/\/childcancer.org\/es\/wp-json\/wp\/v2\/tags?post=6748"},{"taxonomy":"tribe_events_cat","embeddable":true,"href":"https:\/\/childcancer.org\/es\/wp-json\/wp\/v2\/tribe_events_cat?post=6748"}],"curies":[{"name":"palabra clave","href":"https:\/\/api.w.org\/{rel}","templated":true}]}}

<div class="wpb-content-wrapper"><div class="vc_row wpb_row vc_row-fluid"><div class="wpb_column vc_column_container vc_col-sm-12"><div class="vc_column-inner"><div class="wpb_wrapper">
	<div class="wpb_text_column wpb_content_element" >
		<div class="wpb_wrapper">
			<h2 style="text-align: center;">Rock the Bald &#8211; and support children battling cancer at UCSF Benioff Children&#8217;s Hospital Oakland, Saturday, March 16th!</h2>
<h3 style="text-align: center;">Keaton’s Child Cancer Alliance in partnership with St. Baldrick&#8217;s Foundation are raising funds, locally and nationally, for childhood cancer research.In solidarity with children battling cancer heads are shaved in front of thousands in return for pledges and contributions toward the cause.</h3>
<h3 style="text-align: center;">¡Reclute a su familia, amigos, vecinos, compañeros de trabajo y más e inscríbase hoy!</h3>
<h3 style="text-align: center;"> ➡️  <a href="https://www.stbaldricks.org/events/oakland?fbclid=IwAR0XK2y8oBxa48EoMNP81Myva8Xyy-v04GY_wF_ilAt57RSNXKDrk6qgXIc" target="_blank" rel="nofollow noopener" data-lynx-mode="hover" data-lynx-uri="https://l.facebook.com/l.php?u=https%3A%2F%2Fwww.stbaldricks.org%2Fevents%2Foakland%3Ffbclid%3DIwAR0XK2y8oBxa48EoMNP81Myva8Xyy-v04GY_wF_ilAt57RSNXKDrk6qgXIc&amp;h=AT38fFVsZkqUOtOYSu_t_dTGUOKNaoCsibh_wdLJOHn05jQC0o6y3HkpSeELbaXEVvSaRsUZ1NJZPX-OYJI3c8s--kcladqaJndi740pRBMpVsm0w3usVZUfuEXkT_ie7s3VmC6OZQCsy2LmqaGmZCs">getbald.com</a></h3>

		</div>
	</div>
</div></div></div></div><div class="vc_row wpb_row vc_row-fluid"><div class="wpb_column vc_column_container vc_col-sm-4"><div class="vc_column-inner"><div class="wpb_wrapper"></div></div></div><div class="wpb_column vc_column_container vc_col-sm-4"><div class="vc_column-inner"><div class="wpb_wrapper"><div class="vc_btn3-container vc_btn3-center vc_do_btn" ><a class="vc_general vc_btn3 vc_btn3-size-lg vc_btn3-shape-rounded vc_btn3-style-modern vc_btn3-color-primary" href="https://www.stbaldricks.org/events/oakland" title="getbald.com" target="_blank">Click Here to Register</a></div></div></div></div><div class="wpb_column vc_column_container vc_col-sm-4"><div class="vc_column-inner"><div class="wpb_wrapper"></div></div></div></div>
</div>
